{"id":1180,"date":"2025-02-07T20:23:37","date_gmt":"2025-02-07T20:23:37","guid":{"rendered":"https:\/\/horthy.hu\/?page_id=1180"},"modified":"2025-02-08T13:06:29","modified_gmt":"2025-02-08T13:06:29","slug":"hirdetesek","status":"publish","type":"page","link":"https:\/\/horthy.hu\/index.php\/hirdetesek\/","title":{"rendered":"Hirdet\u00e9sek"},"content":{"rendered":"<p><strong>Keress\u00fck:<\/strong><\/p>\n<p>Walzel Kelemen &#8222;KORM\u00c1NYZ\u00d3NK&#8221; c. k\u00f6nyv\u00e9t megv\u00e9telre a <a href=\"mailto:horthy@gmail.com\">horthy@gmail.com<\/a> c\u00edmen.<\/p>\n<p>&#8222;Horthy Dalok&#8221; kott\u00e1s-dalos f\u00fczetet keresi t\u00e1rsas\u00e1gunk arch\u00edvuma sz\u00e1m\u00e1ra.\u00a0Jelentkez\u00e9s a 06\/20\/944-41-66-os telefonsz\u00e1mon vagy a <a href=\"mailto:horthymt@gmail.com\">horthymt@gmail.com<\/a> c\u00edmen.<\/p>\n<p>Keress\u00fck Horthy Mikl\u00f3s &#8222;Eml\u00e9kirataim&#8221; c. k\u00f6nyv\u00e9t megv\u00e9telre a <a href=\"mailto:horthymt@gmail.com\">horthymt@gmail.com<\/a> c\u00edmen.<\/p>\n<p>&nbsp;<\/p>\n","protected":false},"excerpt":{"rendered":"<p>Keress\u00fck: Walzel Kelemen &#8222;KORM\u00c1NYZ\u00d3NK&#8221; c. k\u00f6nyv\u00e9t megv\u00e9telre a horthy@gmail.com c\u00edmen. &#8222;Horthy Dalok&#8221; kott\u00e1s-dalos f\u00fczetet keresi t\u00e1rsas\u00e1gunk arch\u00edvuma sz\u00e1m\u00e1ra.\u00a0Jelentkez\u00e9s a 06\/20\/944-41-66-os telefonsz\u00e1mon vagy a horthymt@gmail.com c\u00edmen. Keress\u00fck Horthy Mikl\u00f3s &#8222;Eml\u00e9kirataim&#8221; c. k\u00f6nyv\u00e9t megv\u00e9telre a horthymt@gmail.com c\u00edmen. &nbsp;<\/p>\n","protected":false},"author":2,"featured_media":0,"parent":0,"menu_order":0,"comment_status":"closed","ping_status":"closed","template":"","meta":{"footnotes":""},"class_list":["post-1180","page","type-page","status-publish","hentry"],"_links":{"self":[{"href":"https:\/\/horthy.hu\/index.php\/wp-json\/wp\/v2\/pages\/1180","targetHints":{"allow":["GET"]}}],"collection":[{"href":"https:\/\/horthy.hu\/index.php\/wp-json\/wp\/v2\/pages"}],"about":[{"href":"https:\/\/horthy.hu\/index.php\/wp-json\/wp\/v2\/types\/page"}],"author":[{"embeddable":true,"href":"https:\/\/horthy.hu\/index.php\/wp-json\/wp\/v2\/users\/2"}],"replies":[{"embeddable":true,"href":"https:\/\/horthy.hu\/index.php\/wp-json\/wp\/v2\/comments?post=1180"}],"version-history":[{"count":2,"href":"https:\/\/horthy.hu\/index.php\/wp-json\/wp\/v2\/pages\/1180\/revisions"}],"predecessor-version":[{"id":1212,"href":"https:\/\/horthy.hu\/index.php\/wp-json\/wp\/v2\/pages\/1180\/revisions\/1212"}],"wp:attachment":[{"href":"https:\/\/horthy.hu\/index.php\/wp-json\/wp\/v2\/media?parent=1180"}],"curies":[{"name":"wp","href":"https:\/\/api.w.org\/{rel}","templated":true}]}}