{"id":1237,"date":"2025-02-08T13:51:15","date_gmt":"2025-02-08T13:51:15","guid":{"rendered":"https:\/\/horthy.hu\/?page_id=1237"},"modified":"2025-02-11T20:46:23","modified_gmt":"2025-02-11T20:46:23","slug":"tisztsegviselok","status":"publish","type":"page","link":"https:\/\/horthy.hu\/index.php\/tisztsegviselok\/","title":{"rendered":"Tiszts\u00e9gvisel\u0151k"},"content":{"rendered":"<p><strong>Eln\u00f6k:<\/strong> Kalcsits P\u00e9ter<\/p>\n<p>El\u00e9rhet\u0151s\u00e9g: 06 30 982 5257<\/p>\n<p>&nbsp;<\/p>\n<p><strong>Aleln\u00f6k\u00f6k: <\/strong>Fruttus Erzs\u00e9bet, Balogh Barna<\/p>\n<p>&nbsp;<\/p>\n<p><strong>Titk\u00e1r: <\/strong>Balogh \u00c9va<\/p>\n<p>El\u00e9rhet\u0151s\u00e9g: 06 30 386 8027<\/p>\n<p>&nbsp;<\/p>\n<p><strong>Szerkeszt\u0151s\u00e9gi k\u00f6zlem\u00e9ny<\/strong><\/p>\n<p>K\u00e9rj\u00fck kedves olvas\u00f3inkat, hogy az al\u00e1bb k\u00f6z\u00f6lt c\u00edmekre k\u00fcldjenek olyan \u00edr\u00e1sokat, visszaeml\u00e9kez\u00e9seket, f\u00e9nyk\u00e9peket, vagy tud\u00f3s\u00edt\u00e1sokat helyi esem\u00e9nyekr\u0151l melyek t\u00e1rsas\u00e1gunk tev\u00e9kenys\u00e9g\u00e9hez, szellemis\u00e9g\u00e9hez kapcsol\u00f3dnak. A r\u00e9gi f\u00e9nyk\u00e9peket k\u00f6lcs\u00f6n is \u00f6r\u00f6mmel fogadjuk \u00e9s digitaliz\u00e1l\u00e1s ut\u00e1n s\u00e9rtetlen\u00fcl visszaszolg\u00e1ltatjuk.<\/p>\n<p>Egy\u00e9b \u00edr\u00e1sokat nem \u0151rz\u00fcnk meg \u00e9s nem k\u00fcld\u00fcnk vissza, valamint fenntartjuk a k\u00f6zl\u00e9s, nem-k\u00f6zl\u00e9s jog\u00e1t. Honor\u00e1rium fizet\u00e9s\u00e9re nincs m\u00f3dunk.<\/p>\n<p>&nbsp;<\/p>\n<p><strong>Postac\u00edm:<\/strong> Horthy Mikl\u00f3s T\u00e1rsas\u00e1g 1054 Budapest, Szabads\u00e1g t\u00e9r 2.<\/p>\n<p><strong>Elektronikus lev\u00e9lc\u00edm: <\/strong><a href=\"mailto:horthymiklostarsasag1920@gmail.com\"><strong>horthymiklostarsasag1920@gmail.com\u00a0<\/strong><\/a><\/p>\n<p>&nbsp;<\/p>\n","protected":false},"excerpt":{"rendered":"<p>Eln\u00f6k: Kalcsits P\u00e9ter El\u00e9rhet\u0151s\u00e9g: 06 30 982 5257 &nbsp; Aleln\u00f6k\u00f6k: Fruttus Erzs\u00e9bet, Balogh Barna &nbsp; Titk\u00e1r: Balogh \u00c9va El\u00e9rhet\u0151s\u00e9g: 06 30 386 8027 &nbsp; Szerkeszt\u0151s\u00e9gi k\u00f6zlem\u00e9ny K\u00e9rj\u00fck kedves olvas\u00f3inkat, hogy az al\u00e1bb k\u00f6z\u00f6lt c\u00edmekre k\u00fcldjenek olyan \u00edr\u00e1sokat, visszaeml\u00e9kez\u00e9seket, f\u00e9nyk\u00e9peket, vagy tud\u00f3s\u00edt\u00e1sokat helyi esem\u00e9nyekr\u0151l melyek t\u00e1rsas\u00e1gunk tev\u00e9kenys\u00e9g\u00e9hez, szellemis\u00e9g\u00e9hez kapcsol\u00f3dnak. A r\u00e9gi f\u00e9nyk\u00e9peket k\u00f6lcs\u00f6n is \u00f6r\u00f6mmel fogadjuk [&hellip;]<\/p>\n","protected":false},"author":2,"featured_media":0,"parent":0,"menu_order":0,"comment_status":"closed","ping_status":"closed","template":"","meta":{"footnotes":""},"class_list":["post-1237","page","type-page","status-publish","hentry"],"_links":{"self":[{"href":"https:\/\/horthy.hu\/index.php\/wp-json\/wp\/v2\/pages\/1237","targetHints":{"allow":["GET"]}}],"collection":[{"href":"https:\/\/horthy.hu\/index.php\/wp-json\/wp\/v2\/pages"}],"about":[{"href":"https:\/\/horthy.hu\/index.php\/wp-json\/wp\/v2\/types\/page"}],"author":[{"embeddable":true,"href":"https:\/\/horthy.hu\/index.php\/wp-json\/wp\/v2\/users\/2"}],"replies":[{"embeddable":true,"href":"https:\/\/horthy.hu\/index.php\/wp-json\/wp\/v2\/comments?post=1237"}],"version-history":[{"count":7,"href":"https:\/\/horthy.hu\/index.php\/wp-json\/wp\/v2\/pages\/1237\/revisions"}],"predecessor-version":[{"id":1384,"href":"https:\/\/horthy.hu\/index.php\/wp-json\/wp\/v2\/pages\/1237\/revisions\/1384"}],"wp:attachment":[{"href":"https:\/\/horthy.hu\/index.php\/wp-json\/wp\/v2\/media?parent=1237"}],"curies":[{"name":"wp","href":"https:\/\/api.w.org\/{rel}","templated":true}]}}