{"id":1248,"date":"2025-02-08T14:09:46","date_gmt":"2025-02-08T14:09:46","guid":{"rendered":"https:\/\/horthy.hu\/?page_id=1248"},"modified":"2025-02-08T14:10:23","modified_gmt":"2025-02-08T14:10:23","slug":"irasai-beszedei","status":"publish","type":"page","link":"https:\/\/horthy.hu\/index.php\/irasai-beszedei\/","title":{"rendered":"\u00cdr\u00e1sai, besz\u00e9dei"},"content":{"rendered":"<p><strong>Horthy Mikl\u00f3s gyermekkori \u00edr\u00e1sa<\/strong><\/p>\n<p>&nbsp;<\/p>\n<p><a href=\"https:\/\/horthy.hu\/pdf\/horthy_miklos_gyermekkori_irasa.pdf\"><strong>Megtekint\u00e9s \u00e9s let\u00f6lt\u00e9s PDF form\u00e1tumban<\/strong><\/a><\/p>\n<p><strong>Otrantoi\u00a0lev\u00e9l<\/strong><\/p>\n<p>Otrant\u00f3i lev\u00e9l, melyet Horthy Mikl\u00f3s sorhaj\u00f3kapit\u00e1ny, a Novara parancsnoka a gy\u0151ztes csat\u00e1ban szerzett sebes\u00fcl\u00e9s\u00e9b\u0151l l\u00e1badozva, k\u00f3rh\u00e1zi \u00e1gyon \u00edrt Szuborits Antalnak, a csat\u00e1ban elesett els\u0151 tisztje, Szuborits R\u00f3bert \u00e9desapj\u00e1nak. (A sok\u00e1ig mag\u00e1nszem\u00e9ly birtok\u00e1ban volt levelet 2005 november\u00e9ben a Horthy Mikl\u00f3s T\u00e1rsas\u00e1g k\u00f6z-adakoz\u00e1sb\u00f3l megv\u00e1s\u00e1rolta \u00e9s a Magyar Nemzeti M\u00fazeumban szakszer\u0171 k\u00f6r\u00fclm\u00e9nyek k\u00f6z\u00f6tt \u0151rizteti.)<\/p>\n<p>&nbsp;<\/p>\n<p><a href=\"https:\/\/horthy.hu\/pdf\/level.pdf\"><strong>Megtekint\u00e9s \u00e9s let\u00f6lt\u00e9s PDF form\u00e1tumban<\/strong><\/a><\/p>\n<p>&nbsp;<\/p>\n<p>&#8222;Kedves B\u00e1ty\u00e1m!<\/p>\n<p>&nbsp;<\/p>\n<p>Egy f\u00e1jdalmas k\u00f6teless\u00e9gemnek engedelmeskedem, amikor tisztjeim \u00e9s eg\u00e9sz leg\u00e9nys\u00e9gem nev\u00e9ben v\u00e9rz\u0151 sz\u00edvvel fejezem ki legigazabb r\u00e9szv\u00e9temet. Mi magunk is a legnagyobb r\u00e9szv\u00e9tre szorulunk, szerett\u00fck, becs\u00fclt\u00fck, tisztelt\u00fck! Alattval\u00f3inak egy mindig szeretettel gondoskod\u00f3, mindenre figyel\u0151 j\u00f3s\u00e1gos feljebbval\u00f3ja volt, nekem &#8211; a mellett, hogy lankadhatatlan kit\u0171n\u0151 helyettesem &#8211; igaz \u00e9s h\u0171 bar\u00e1tom. Az ir\u00e1nta megnyilv\u00e1nul\u00f3 r\u00e9szv\u00e9t le\u00edrhatatlan volt \u00e9s a temet\u00e9se a legmeghat\u00f3bb \u00e9s szebb, amit csak elk\u00e9pzelni lehet. &#8211; A t\u00faler\u0151 elleni 3 \u00f3r\u00e1t tart\u00f3 \u00e1d\u00e1z k\u00fczdelemben szeg\u00e9ny R\u00f3bert folyton tev\u00e9keny volt, minden\u00fctt seg\u00edtett, ut\u00e1nan\u00e9zett, repar\u00e1ltatott. 10 \u00f3ra d.e. ut\u00e1n, mikor \u00e9pen egy keletkez\u0151 t\u00fczet oltatott el, ment a fed\u00e9lzeten baloldalt a boot&#8230;-n\u00e9l h\u00e1trafel\u00e9.<\/p>\n<p>Akkor \u00e9rte egy szerencs\u00e9tlen gr\u00e1n\u00e1t. R\u00f6gt\u00f6n ott volt a seg\u00edts\u00e9g, de alig 1 1\/2 perc alatt megsz\u0171nt \u00e9lni, teh\u00e1t nem szenvedhetett. Sz\u00e1mos bar\u00e1tai \u00e9s tisztel\u0151i mind azzal vigasztalj\u00e1k magukat, hogy szebb hal\u00e1llal kim\u00falni nem lehet. Egy \u00e9rckopors\u00f3t csin\u00e1ltattunk, hogy fel lehessen vitetni. Bocs\u00e1natod k\u00e9rem, hogy \u00edgy, ceruz\u00e1val \u00edrok, de sebes\u00fclve az \u00e1gyban fekszem \u00e9s nem akartam soraimmal k\u00e9sni.<\/p>\n<p>A Novara r\u00f6videsen Pol\u00e1ba megy s\u00e9r\u00fcl\u00e9seit orvosolni. Rem\u00e9lem, hogy nem kell vissza maradnom, de azt\u00e1n m\u00e9gis hosszabb \u00e1pol\u00e1sra szorulok, az\u00e9rt c\u00edmem bizonytalan. Azonban: An das Komando S.M.S. Novara Marinefeldpost Pola c\u00edmz\u00e9s\u0171 levelek minden k\u00e9s\u00e9s n\u00e9lk\u00fcl felbontatnak helyettesem \u00e1ltal. Szeg\u00e9ny R\u00f3bert hagyat\u00e9ka el\u0151\u00edr\u00e1s szerint term\u00e9szetesen a legnagyobb precizit\u00e1ssal rendeztetik. &#8211; Magam is beteg l\u00e9v\u00e9n bocs\u00e1ss meg kedves b\u00e1ty\u00e1m, hogy b\u0151vebben nem \u00edrhatok, de ha legk\u00f6zelebb utam Budapesten vezet kereszt\u00fcl, nem fogom elmulasztani tiszteletemet tenni. Mell\u00e9kelve k\u00fcld\u00f6k egy felv\u00e9telt, mely a katasztr\u00f3fa hely\u00e9t \u00e1br\u00e1zolja. Az \u00e1gy\u00fa v\u00e9dp\u00e1nc\u00e9lj\u00e1n k\u00e9t tal\u00e1lat l\u00e1that\u00f3.<\/p>\n<p>Legm\u00e9lyebb r\u00e9szv\u00e9temet ism\u00e9telve \u00e9s f\u00e1jdalmatokban f\u00e1j\u00f3 sz\u00edvvel \u00e9s \u0151szint\u00e9n osztozva maradok m\u00e9ly tisztelettel<\/p>\n<p>&nbsp;<\/p>\n<p>\u0151szinte h\u00edved<\/p>\n<p>&nbsp;<\/p>\n<p>Horthy Mikl\u00f3s<\/p>\n<p>sorhaj\u00f3 kapit\u00e1ny<\/p>\n<p>a &#8222;Novara&#8221; parancsnoka<\/p>\n<p>21\/V. 917.&#8221;<\/p>\n<p><strong>Had\u00fcgyminiszteri esk\u00fc<\/strong><\/p>\n<p>Jegyz\u0151k\u00f6nyv Horthy Mikl\u00f3s had\u00fcgyminiszteri esk\u00fct\u00e9tel\u00e9r\u0151l.<\/p>\n<p><a href=\"https:\/\/horthy.hu\/pdf\/hadugyminiszteri_esku.pdf\"><strong>Megtekint\u00e9s \u00e9s let\u00f6lt\u00e9s PDF form\u00e1tumban<\/strong><\/a><\/p>\n<p><strong>Budapest n\u00e9p\u00e9hez (plak\u00e1t)<\/strong><\/p>\n<p>Horthy Mikl\u00f3s ki\u00e1ltv\u00e1nya a magyar nemzeti hadseregnek Budapestre val\u00f3 bevonul\u00e1sakor<\/p>\n<p><a href=\"https:\/\/horthy.hu\/pdf\/budapest_nepehez.pdf\"><strong>Megtekint\u00e9s \u00e9s let\u00f6lt\u00e9s PDF form\u00e1tumban<\/strong><\/a><\/p>\n<p><strong>Horthy\u00a0(plak\u00e1t)<\/strong><\/p>\n<p>Manno Miltiades plak\u00e1tja, amelyet a magyar nemzeti hadseregnek Budapestre val\u00f3 bevonul\u00e1sa ut\u00e1n ragasztottak ki<\/p>\n<p><a href=\"https:\/\/horthy.hu\/pdf\/horthy_plakat.pdf\"><strong>Megtekint\u00e9s \u00e9s let\u00f6lt\u00e9s PDF form\u00e1tumban<\/strong><\/a><\/p>\n<p><strong>Korm\u00e1nyz\u00f3i esk\u00fc<\/strong><\/p>\n<p><a href=\"https:\/\/horthy.hu\/pdf\/kormanyzoi_esku.pdf\"><strong>Megtekint\u00e9s \u00e9s let\u00f6lt\u00e9s PDF form\u00e1tumban<\/strong><\/a><\/p>\n<p><strong>\u00c9tlap a d\u00edszeb\u00e9dhez<\/strong><\/p>\n<p><a href=\"https:\/\/horthy.hu\/pdf\/etlap_a_diszebedhez.pdf\"><strong>Megtekint\u00e9s \u00e9s let\u00f6lt\u00e9s PDF form\u00e1tumban<\/strong><\/a><\/p>\n<p><strong>Vit\u00e9zavat\u00f3 besz\u00e9dek<\/strong><\/p>\n<p><a href=\"https:\/\/horthy.hu\/pdf\/vitezavato_beszedek.pdf\"><strong>Megtekint\u00e9s \u00e9s let\u00f6lt\u00e9s PDF form\u00e1tumban<\/strong><\/a><\/p>\n<p><strong>Vit\u00e9z nagyb\u00e1nyai Horthy Mikl\u00f3s k\u00f6sz\u00f6nt\u0151je a Vit\u00e9zi Rend fenn\u00e1ll\u00e1sa 10-ik \u00e9vfordul\u00f3j\u00e1n<\/strong><\/p>\n<p><a href=\"https:\/\/horthy.hu\/pdf\/vitez_nagyb\u00e1nyai_horthy_miklos_koszontoje_a_vitezi_rend_fennallasa_10-ik_evfordulojan.pdf\"><strong>Megtekint\u00e9s \u00e9s let\u00f6lt\u00e9s PDF form\u00e1tumban<\/strong><\/a><\/p>\n<p><strong>Ludovika Akad\u00e9mia k\u00f6sz\u00f6nt\u00e9se az alapk\u0151let\u00e9tel 100. \u00e9vfordul\u00f3j\u00e1n<\/strong><\/p>\n<p>Magyarorsz\u00e1g korm\u00e1nyz\u00f3j\u00e1nak a Ludovika Akad\u00e9mi\u00e1hoz int\u00e9zett \u00fcdv\u00f6zlete az alapk\u0151let\u00e9tel sz\u00e1z\u00e9ves \u00e9vfordul\u00f3ja alkalm\u00e1b\u00f3l<\/p>\n<p><a href=\"https:\/\/horthy.hu\/pdf\/ludovika_Akademia_koszontese_az_alapkoletetel_100_evfordulojan.pdf\"><strong>Megtekint\u00e9s \u00e9s let\u00f6lt\u00e9s PDF form\u00e1tumban<\/strong><\/a><\/p>\n<p>&nbsp;<\/p>\n","protected":false},"excerpt":{"rendered":"<p>Horthy Mikl\u00f3s gyermekkori \u00edr\u00e1sa &nbsp; Megtekint\u00e9s \u00e9s let\u00f6lt\u00e9s PDF form\u00e1tumban Otrantoi\u00a0lev\u00e9l Otrant\u00f3i lev\u00e9l, melyet Horthy Mikl\u00f3s sorhaj\u00f3kapit\u00e1ny, a Novara parancsnoka a gy\u0151ztes csat\u00e1ban szerzett sebes\u00fcl\u00e9s\u00e9b\u0151l l\u00e1badozva, k\u00f3rh\u00e1zi \u00e1gyon \u00edrt Szuborits Antalnak, a csat\u00e1ban elesett els\u0151 tisztje, Szuborits R\u00f3bert \u00e9desapj\u00e1nak. (A sok\u00e1ig mag\u00e1nszem\u00e9ly birtok\u00e1ban volt levelet 2005 november\u00e9ben a Horthy Mikl\u00f3s T\u00e1rsas\u00e1g k\u00f6z-adakoz\u00e1sb\u00f3l megv\u00e1s\u00e1rolta \u00e9s a [&hellip;]<\/p>\n","protected":false},"author":2,"featured_media":0,"parent":0,"menu_order":0,"comment_status":"closed","ping_status":"closed","template":"","meta":{"footnotes":""},"class_list":["post-1248","page","type-page","status-publish","hentry"],"_links":{"self":[{"href":"https:\/\/horthy.hu\/index.php\/wp-json\/wp\/v2\/pages\/1248","targetHints":{"allow":["GET"]}}],"collection":[{"href":"https:\/\/horthy.hu\/index.php\/wp-json\/wp\/v2\/pages"}],"about":[{"href":"https:\/\/horthy.hu\/index.php\/wp-json\/wp\/v2\/types\/page"}],"author":[{"embeddable":true,"href":"https:\/\/horthy.hu\/index.php\/wp-json\/wp\/v2\/users\/2"}],"replies":[{"embeddable":true,"href":"https:\/\/horthy.hu\/index.php\/wp-json\/wp\/v2\/comments?post=1248"}],"version-history":[{"count":1,"href":"https:\/\/horthy.hu\/index.php\/wp-json\/wp\/v2\/pages\/1248\/revisions"}],"predecessor-version":[{"id":1249,"href":"https:\/\/horthy.hu\/index.php\/wp-json\/wp\/v2\/pages\/1248\/revisions\/1249"}],"wp:attachment":[{"href":"https:\/\/horthy.hu\/index.php\/wp-json\/wp\/v2\/media?parent=1248"}],"curies":[{"name":"wp","href":"https:\/\/api.w.org\/{rel}","templated":true}]}}