{"id":1250,"date":"2025-02-08T14:11:13","date_gmt":"2025-02-08T14:11:13","guid":{"rendered":"https:\/\/horthy.hu\/?page_id=1250"},"modified":"2025-02-08T15:32:06","modified_gmt":"2025-02-08T15:32:06","slug":"erdekessegek","status":"publish","type":"page","link":"https:\/\/horthy.hu\/index.php\/erdekessegek\/","title":{"rendered":"\u00c9rdekess\u00e9gek"},"content":{"rendered":"<p><strong>A Korm\u00e1nyz\u00f3 \u00dar lova<\/strong><\/p>\n<p>Horthy Mikl\u00f3s korm\u00e1nyz\u00f3 \u00far 1919. november 16-\u00e1n vonult be rendteremt\u00e9s c\u00e9lj\u00e1b\u00f3l a Nemzeti Hadsereg \u00e9l\u00e9n, az \u0151t \u00f6r\u00f6mmel \u00fcdv\u00f6zl\u0151 Budapestre, \u00e9s a Gell\u00e9rt t\u00e9ren elmondta a &#8222;v\u00f6r\u00f6s rongyokba \u00f6lt\u00f6z\u00f6tt&#8221; v\u00e1rosnak sz\u00e1nt h\u00edres besz\u00e9d\u00e9t.<\/p>\n<p>Tagt\u00e1rsaink, olvas\u00f3ink k\u00e9rd\u00e9seire v\u00e1laszolva k\u00f6z\u00f6lj\u00fck, hogy a j\u00f3l ismert k\u00e9pen l\u00e1that\u00f3 deres lov\u00e1nak neve Szell\u0151 volt.<\/p>\n<p><img loading=\"lazy\" decoding=\"async\" class=\"alignnone wp-image-1253\" src=\"https:\/\/horthy.hu\/wp-content\/uploads\/2025\/02\/e1-300x222.jpg\" alt=\"\" width=\"810\" height=\"600\" srcset=\"https:\/\/horthy.hu\/wp-content\/uploads\/2025\/02\/e1-300x222.jpg 300w, https:\/\/horthy.hu\/wp-content\/uploads\/2025\/02\/e1.jpg 740w\" sizes=\"auto, (max-width: 810px) 100vw, 810px\" \/><\/p>\n<p><strong>Horthy Mikl\u00f3s egyik ifj\u00fakori sorsford\u00edt\u00f3 \u00fatja<\/strong><\/p>\n<p>A Horthy csal\u00e1d hitigazs\u00e1g\u00e1nak forr\u00e1sa a Biblia volt. \u0150k a Szent\u00edr\u00e1st tartott\u00e1k kereszty\u00e9n hit\u00fck alapj\u00e1nak, zsin\u00f3rm\u00e9rt\u00e9k\u00e9nek. A csal\u00e1di nevel\u00e9sben, a gyermekek fel\u00e9 is ez \u00e9rv\u00e9nyes\u00fclt. Az apa, Horthy Istv\u00e1n hat fi\u00e1val a reform\u00e1tus, az anya, h\u00e1rom l\u00e1ny\u00e1val, a katolikus templomot l\u00e1togatta.<\/p>\n<p>Mikl\u00f3s a Debreceni Reform\u00e1tus Koll\u00e9giumban tanult, lelk\u00e9szi p\u00e1ly\u00e1ra k\u00e9sz\u00fclt. B\u00e1tyja hal\u00e1la ut\u00e1n azonban a Tenger\u00e9szeti Akad\u00e9mi\u00e1ra iratkozott be, ott folytatta tanulm\u00e1nyait. Itt az elv ez volt: \u201eH\u0151hen als Leben steht die Pflicht\u201d vagyis \u201eAz \u00e9letn\u00e9l is el\u0151bbre val\u00f3 a k\u00f6teless\u00e9g.\u201d<\/p>\n<p>Egy alkalommal szabads\u00e1ga idej\u00e9n, 1901 ben, \u00e9v elej\u00e9n, rokoni l\u00e1togat\u00e1sra Miskolcra utazott n\u0151v\u00e9r\u00e9hez, ahol csak annak f\u00e9rj\u00e9t tal\u00e1lta \u00e9ppen otthon. Mint kider\u00fclt, a f\u00e9rj is kor\u00e1bbi megh\u00edv\u00e1s miatt, vid\u00e9kre, r\u00e9gi bar\u00e1tj\u00e1hoz volt k\u00e9sz\u00fcl\u0151ben, ez\u00e9rt megk\u00e9rte Horthyt tartson vele, aki mint szabad, n\u0151tlen ifj\u00fa beleegyezett az utaz\u00e1sba. Csup\u00e1n akkor lep\u0151d\u00f6tt meg n\u00e9mileg amikor n\u00e9gyes fogat jelent meg, abba sz\u00e1lltak bele, mert ez hosszabb utaz\u00e1st jelentett.<\/p>\n<p>Az \u00fatic\u00e9l Hej\u0151b\u00e1ba volt, egy addig ismeretlen vend\u00e9gl\u00e1t\u00f3hoz Melczer L\u00e1szl\u00f3\u00e9khoz mentek. Horthy itt tal\u00e1lkozott a h\u00e1z asszony\u00e1nak elragad\u00f3 sz\u00e9ps\u00e9g\u0171 h\u00fag\u00e1val Purgly Magdoln\u00e1val.<\/p>\n<p>\u201eBizony kiss\u00e9 fesz\u00e9lyezett a helyzet\u201d &#8211; \u00edrja Horthy eml\u00e9kirataiban.<\/p>\n<p>V\u00e9letlen, vagy a sors keze \u2026? \u201e Ez a l\u00e1togat\u00e1s nagy fordulatot jelentett \u00e9letemben. Farsangkor r\u00e9szt vettem a miskolci b\u00e1lon, melynek v\u00e9dn\u00f6ke Melczern\u00e9, Hej\u0151b\u00e1ba szeretetrem\u00e9lt\u00f3 h\u00e1ziasszonya volt. M\u00e9g n\u00e1l\u00e1n\u00e1l is ragyog\u00f3bb jelens\u00e9g a h\u00faga Magda, aki a legjobb t\u00e1ncosn\u0151 akivel valaha is t\u00e1ncoltam.\u201d<\/p>\n<p>Nem sokkal k\u00e9s\u0151bb, egy boldog velencei h\u00e9t ut\u00e1n elhat\u00e1rozt\u00e1k, hogy egy\u00fctt elutaznak Horthy leend\u0151 ap\u00f3s\u00e1nak birtok\u00e1ra \u00e9s meg\u00fclik az eljegyz\u00e9st. Ezt k\u00f6vet\u0151en az ifj\u00fa p\u00e1r felkereste Cs\u00e9csi Imre aradi lelkip\u00e1sztort \u00e9s 1901 j\u00falius 22 \u00e9n f\u00e9nyes k\u00fcls\u0151s\u00e9gek k\u00f6zepette az aradi reform\u00e1tus templomban h\u00e1zass\u00e1got k\u00f6t\u00f6ttek. A templomot zs\u00fafol\u00e1sig megt\u00f6lt\u0151 vend\u00e9gsereg d\u00edszes magyar ruh\u00e1kban jelent meg az \u00fcnnepi alkalmon. Cs\u00e9csi nagytisztelet\u0171 \u00far az \u00d3-Testamentumb\u00f3l pr\u00e9dik\u00e1lt: \u201eAz \u00dar, akinek \u00e9n sz\u00edne el\u0151tt j\u00e1rtam, elbocs\u00e1totta az \u0151 angyal\u00e1t veled \u00e9s szerencs\u00e9ss\u00e9 teszi a te utadat, hogy feles\u00e9get vehess\u2026\u201d \u00cdgy teljesedett be a bibliai ige: \u201e Kikutathatatlanok s kinyomozhatatlanok az Isten \u00fatai.\u201d (R\u00f3ma 11-33)<\/p>\n<p>Horthy korm\u00e1nyz\u00f3 \u00far sz\u00e1m\u00e1ra \u2013 term\u00e9szetesen \u2013 mindig eml\u00e9kezetes maradt a hej\u0151b\u00e1bai kir\u00e1ndul\u00e1s, l\u00e1togat\u00e1s.<\/p>\n<p>Az els\u0151 vil\u00e1gh\u00e1bor\u00faba \u00e1gy\u00fa\u00f6nt\u00e9sre elvitt hej\u0151b\u00e1bai harang p\u00f3tl\u00e1s\u00e1ra, feles\u00e9g\u00e9vel val\u00f3 megismerked\u00e9s\u00fck eml\u00e9k\u00e9re, az egyh\u00e1zk\u00f6zs\u00e9gnek harangot adom\u00e1nyozott.<\/p>\n<p>Budapest 2009. m\u00e1rcius<\/p>\n<p><strong>Lejegyezte: Dr. \u00c1goston Istv\u00e1n Gy\u00f6rgy<\/strong><\/p>\n<p><strong>reform\u00e1tus lelk\u00e9sz, t\u00f6rt\u00e9n\u00e9sz, egyh\u00e1zt\u00f6rt\u00e9n\u00e9sz<\/strong><\/p>\n<p><strong>Horthy harang Mak\u00f3n<\/strong><\/p>\n<p>Az els\u0151 vil\u00e1gh\u00e1bor\u00fa fegyver-f\u00e9m ig\u00e9nye megfosztotta harangjait\u00f3l a mak\u00f3i belv\u00e1rosi reform\u00e1tus templomot is. A h\u00edvek nagy szomor\u00fas\u00e1g\u00e1ra leszerelt\u00e9k \u00e9s beolvasztott\u00e1k \u0151ket.<\/p>\n<p><img loading=\"lazy\" decoding=\"async\" class=\"alignnone wp-image-1254\" src=\"https:\/\/horthy.hu\/wp-content\/uploads\/2025\/02\/e2-247x300.jpg\" alt=\"\" width=\"400\" height=\"486\" srcset=\"https:\/\/horthy.hu\/wp-content\/uploads\/2025\/02\/e2-247x300.jpg 247w, https:\/\/horthy.hu\/wp-content\/uploads\/2025\/02\/e2.jpg 650w\" sizes=\"auto, (max-width: 400px) 100vw, 400px\" \/><\/p>\n<p><img loading=\"lazy\" decoding=\"async\" class=\"alignnone wp-image-1255\" src=\"https:\/\/horthy.hu\/wp-content\/uploads\/2025\/02\/e3-194x300.jpg\" alt=\"\" width=\"400\" height=\"618\" srcset=\"https:\/\/horthy.hu\/wp-content\/uploads\/2025\/02\/e3-194x300.jpg 194w, https:\/\/horthy.hu\/wp-content\/uploads\/2025\/02\/e3.jpg 650w\" sizes=\"auto, (max-width: 400px) 100vw, 400px\" \/><\/p>\n<p>Galamb S\u00e1ndor az egyh\u00e1zk\u00f6zs\u00e9g f\u0151gondnoka k\u00f6zrem\u0171k\u00f6d\u00e9s\u00e9vel, szervez\u0151munk\u00e1j\u00e1val \u00e9s nagylelk\u0171 adom\u00e1ny\u00e1val el\u0151bb 1923-ban egy kisebb, majd 1927-ben egy nagyobb, s\u0151t egy \u201enagy\u201d harang ker\u00fclt a \u201eFeh\u00e9r templom\u201d torny\u00e1ba. Ez ut\u00f3bbit, (266 m\u00e1zsa) Horthy harangnak h\u00edvj\u00e1k melyr\u0151l a pal\u00e1st sz\u00f6vege tan\u00faskodik:<\/p>\n<p>\u201eIsten dics\u0151s\u00e9g\u00e9re a nemzeti meg\u00fajhod\u00e1s vez\u00e9r\u00e9nek nagyb\u00e1nyai vit\u00e9z Horthy Mikl\u00f3s korm\u00e1nyz\u00f3 tisztelet\u00e9re, \u2026 az egyh\u00e1z k\u00f6zhaszn\u00e1lat\u00e1ra \u00f6ntetett\u2026\u201d<\/p>\n<p>Dr. vit\u00e9z Galamb S\u00e1ndor neve mellett testv\u00e9r\u00e9nek, a vil\u00e1gh\u00edr\u0171 T-FORD tervez\u0151j\u00e9nek neve is a harangon van mely \u00edgy olvashat\u00f3 :<\/p>\n<p>\u201eGalamb J\u00f3zsef Amerika\u201d<\/p>\n<p>(Forr\u00e1s: \u201eA XX. sz\u00e1zad aut\u00f3ja \u2013 100 \u00e9ves a Ford-T modell\u201d c. k\u00f6nyv. Szerz\u0151k: G\u00e1ti J\u00f3zsef-Horv\u00e1th S\u00e1ndor &#8211; Legeza L\u00e1szl\u00f3 \u00a0Kiad\u00f3: Budapest M\u0171szaki F\u0151iskola \u00a02008)<\/p>\n<p><strong>v. Kocsis S\u00e1ndor (mak\u00f3i reform\u00e1tus)<\/strong><\/p>\n<p><strong>B\u00e1ny\u00e1sz himnusz<\/strong><\/p>\n<p><img loading=\"lazy\" decoding=\"async\" class=\"alignnone wp-image-1256 size-full\" src=\"https:\/\/horthy.hu\/wp-content\/uploads\/2025\/02\/e4.jpg\" alt=\"\" width=\"640\" height=\"526\" srcset=\"https:\/\/horthy.hu\/wp-content\/uploads\/2025\/02\/e4.jpg 640w, https:\/\/horthy.hu\/wp-content\/uploads\/2025\/02\/e4-300x247.jpg 300w\" sizes=\"auto, (max-width: 640px) 100vw, 640px\" \/><\/p>\n<p><strong>Horthy Istv\u00e1n a Ford gy\u00e1r m\u00e9rn\u00f6ke<\/strong><\/p>\n<p>1926-ban a Ford gy\u00e1r f\u0151m\u00e9rn\u00f6ke, az akkor m\u00e1r Amerik\u00e1ban h\u00edrnevet szerzett Galamb J\u00f3zsef haza l\u00e1togatott, akit a Horthy Mikl\u00f3s korm\u00e1nyz\u00f3 kihallgat\u00e1son fogadott a V\u00e1rban. Nagy meglepet\u00e9sre az aut\u00f3tervez\u0151ben egykori tenger\u00e9sz\u00e9t ismerte fel. \u201e\u00c9n ismerem a f\u0151m\u00e9rn\u00f6k urat\u201d \u2013 sz\u00f3lt hozz\u00e1. Kider\u00fclt, hogy 25 \u00e9vvel kor\u00e1bban egy g\u00e9p\u00e9szk\u00e9pz\u0151 iskolahaj\u00f3n m\u00e1r tal\u00e1lkoztak. A hivatalos l\u00e1togat\u00e1s \u00e9s a kedves felismer\u00e9s ut\u00e1n Horthy korm\u00e1nyz\u00f3 megh\u00edvta Galamb J\u00f3zsefet mag\u00e1nlakoszt\u00e1ly\u00e1ba is ahol elbesz\u00e9lgettek. \u00a0Sz\u00f3ba ker\u00fclt Istv\u00e1n, a korm\u00e1nyz\u00f3 harmad\u00e9ves m\u00e9rn\u00f6khallgat\u00f3 fia is aki igen nagy \u00e9rdekl\u0151d\u00e9ssel fordult a technikai csod\u00e1k \u00e9s az \u00dajvil\u00e1g fel\u00e9. Galamb J\u00f3zsef megh\u00edv\u00e1s\u00e1ra, \u2013 ha v\u00e9gzett, \u2013 Istv\u00e1n Detroitba a Ford \u00fczem\u00e9be megy-mehet tanulm\u00e1ny\u00fatra.Henry Ford a gy\u00e1ros, a budapesti \u201emeg\u00e1llapod\u00e1st\u201d j\u00f3v\u00e1hagyta \u00e9s szem\u00e9lyesen \u00edrt vissza Horthy Mikl\u00f3s korm\u00e1nyz\u00f3nak, hogy fi\u00e1t sz\u00edvesen fogadj\u00e1k. \u00a0Horthy Istv\u00e1n \u00f6zvegye a 2001 ben itthon megjelent k\u00f6nyv\u00e9ben (\u201eBecs\u00fclet \u00e9s k\u00f6teless\u00e9g\u201d c.) err\u0151l az Amerik\u00e1ban t\u00f6lt\u00f6tt m\u00e1sf\u00e9l \u00e9vr\u0151l \u00edgy \u00edr : \u201eMunk\u00e1sk\u00e9nt kezdett dolgozni Ford\u00e9k dearborni \u00fczem\u00e9ben. V\u00e9gigj\u00e1rt minden l\u00e9pcs\u0151fokot \u2026 megismerte hogyan m\u0171k\u00f6dik a vil\u00e1g legterm\u00e9kenyebb gy\u00e1ra.\u201d (ahol m\u00e1r akkor r\u00e9gen bevezett\u00e9k az igen hat\u00e9kony \u00e9s eredm\u00e9nyes \u00faj m\u00f3dszert a fut\u00f3szalagon val\u00f3 gy\u00e1rt\u00e1st, szerel\u00e9st. &#8211; K.S.)<\/p>\n<p>\u201eMinden el\u0151nyt amiben mint a magyar \u00e1llamf\u0151 fia r\u00e9szes\u00fclhetett volna, visszautas\u00edtott.\u201d Nemsok\u00e1ra a fiatal m\u00e9rn\u00f6k a k\u00eds\u00e9rleti tervez\u0151oszt\u00e1lyra ker\u00fclt, ahol munk\u00e1j\u00e1t Henry Ford is \u00e1rgus szemmel figyelte. Istv\u00e1n nem t\u00e9tlenkedett, karossz\u00e9ria felf\u00fcggeszt\u00e9si szabadalommal rukkolt el\u0151, melyet a Fordn\u00e1l fel is haszn\u00e1ltak.<\/p>\n<p>Az eg\u00e9szen term\u00e9szetes, hogy az ifjabb Horthy kintl\u00e9tekor Ford kocsit vett, azzal j\u00e1rt, s\u0151t be is utazta vele Amerik\u00e1t. Az akkori modern \u00fczemben l\u00e1tott igen fejlett m\u00f3dszerek a tov\u00e1bbiakban jelent\u0151sen befoly\u00e1solt\u00e1k gondolkod\u00e1s\u00e1t, itthoni m\u00e9rn\u00f6ki munk\u00e1j\u00e1t.<\/p>\n<p>(Forr\u00e1s: \u201eA XX. sz\u00e1zad aut\u00f3ja \u2013 100 \u00e9ves a Ford-T modell\u201d c. k\u00f6nyv. Szerz\u0151k: G\u00e1ti J\u00f3zsef-Horv\u00e1th S\u00e1ndor &#8211; Legeza L\u00e1szl\u00f3 \u00a0Kiad\u00f3: Budapest M\u0171szaki F\u0151iskola \u00a02008)<\/p>\n<p><strong><br \/>\nv.Kocsis S\u00e1ndor aleln\u00f6k<\/strong><\/p>\n<p><strong>Portr\u00e9k Horthy Mikl\u00f3sr\u00f3l<\/strong><\/p>\n<p><img loading=\"lazy\" decoding=\"async\" class=\"alignnone wp-image-1257\" src=\"https:\/\/horthy.hu\/wp-content\/uploads\/2025\/02\/e5-208x300.jpg\" alt=\"\" width=\"400\" height=\"578\" srcset=\"https:\/\/horthy.hu\/wp-content\/uploads\/2025\/02\/e5-208x300.jpg 208w, https:\/\/horthy.hu\/wp-content\/uploads\/2025\/02\/e5.jpg 332w\" sizes=\"auto, (max-width: 400px) 100vw, 400px\" \/><\/p>\n<p><img loading=\"lazy\" decoding=\"async\" class=\"alignnone wp-image-1258\" src=\"https:\/\/horthy.hu\/wp-content\/uploads\/2025\/02\/e6-209x300.jpg\" alt=\"\" width=\"400\" height=\"573\" srcset=\"https:\/\/horthy.hu\/wp-content\/uploads\/2025\/02\/e6-209x300.jpg 209w, https:\/\/horthy.hu\/wp-content\/uploads\/2025\/02\/e6.jpg 335w\" sizes=\"auto, (max-width: 400px) 100vw, 400px\" \/><\/p>\n<p><img loading=\"lazy\" decoding=\"async\" class=\"alignnone wp-image-1259\" src=\"https:\/\/horthy.hu\/wp-content\/uploads\/2025\/02\/e7-198x300.jpg\" alt=\"\" width=\"400\" height=\"608\" srcset=\"https:\/\/horthy.hu\/wp-content\/uploads\/2025\/02\/e7-198x300.jpg 198w, https:\/\/horthy.hu\/wp-content\/uploads\/2025\/02\/e7.jpg 316w\" sizes=\"auto, (max-width: 400px) 100vw, 400px\" \/><\/p>\n<p><img loading=\"lazy\" decoding=\"async\" class=\"alignnone wp-image-1260\" src=\"https:\/\/horthy.hu\/wp-content\/uploads\/2025\/02\/e8-300x230.jpg\" alt=\"\" width=\"783\" height=\"600\" srcset=\"https:\/\/horthy.hu\/wp-content\/uploads\/2025\/02\/e8-300x230.jpg 300w, https:\/\/horthy.hu\/wp-content\/uploads\/2025\/02\/e8.jpg 500w\" sizes=\"auto, (max-width: 783px) 100vw, 783px\" \/><\/p>\n<p><img loading=\"lazy\" decoding=\"async\" class=\"alignnone wp-image-1261\" src=\"https:\/\/horthy.hu\/wp-content\/uploads\/2025\/02\/e9.jpg\" alt=\"\" width=\"400\" height=\"557\" srcset=\"https:\/\/horthy.hu\/wp-content\/uploads\/2025\/02\/e9.jpg 345w, https:\/\/horthy.hu\/wp-content\/uploads\/2025\/02\/e9-216x300.jpg 216w\" sizes=\"auto, (max-width: 400px) 100vw, 400px\" \/><\/p>\n<p><img loading=\"lazy\" decoding=\"async\" class=\"alignnone wp-image-1263\" src=\"https:\/\/horthy.hu\/wp-content\/uploads\/2025\/02\/e11-227x300.jpg\" alt=\"\" width=\"400\" height=\"529\" srcset=\"https:\/\/horthy.hu\/wp-content\/uploads\/2025\/02\/e11-227x300.jpg 227w, https:\/\/horthy.hu\/wp-content\/uploads\/2025\/02\/e11.jpg 363w\" sizes=\"auto, (max-width: 400px) 100vw, 400px\" \/><\/p>\n<p><img loading=\"lazy\" decoding=\"async\" class=\"alignnone wp-image-1264\" src=\"https:\/\/horthy.hu\/wp-content\/uploads\/2025\/02\/e12.jpg\" alt=\"\" width=\"400\" height=\"617\" srcset=\"https:\/\/horthy.hu\/wp-content\/uploads\/2025\/02\/e12.jpg 311w, https:\/\/horthy.hu\/wp-content\/uploads\/2025\/02\/e12-194x300.jpg 194w\" sizes=\"auto, (max-width: 400px) 100vw, 400px\" \/><\/p>\n<p><img loading=\"lazy\" decoding=\"async\" class=\"alignnone wp-image-1265\" src=\"https:\/\/horthy.hu\/wp-content\/uploads\/2025\/02\/e13.jpg\" alt=\"\" width=\"400\" height=\"638\" srcset=\"https:\/\/horthy.hu\/wp-content\/uploads\/2025\/02\/e13.jpg 301w, https:\/\/horthy.hu\/wp-content\/uploads\/2025\/02\/e13-188x300.jpg 188w\" sizes=\"auto, (max-width: 400px) 100vw, 400px\" \/><\/p>\n<p>&nbsp;<\/p>\n<p><img loading=\"lazy\" decoding=\"async\" class=\"alignnone wp-image-1266\" src=\"https:\/\/horthy.hu\/wp-content\/uploads\/2025\/02\/e14.jpg\" alt=\"\" width=\"400\" height=\"533\" srcset=\"https:\/\/horthy.hu\/wp-content\/uploads\/2025\/02\/e14.jpg 360w, https:\/\/horthy.hu\/wp-content\/uploads\/2025\/02\/e14-225x300.jpg 225w\" sizes=\"auto, (max-width: 400px) 100vw, 400px\" \/><\/p>\n<p><img loading=\"lazy\" decoding=\"async\" class=\"alignnone wp-image-1267\" src=\"https:\/\/horthy.hu\/wp-content\/uploads\/2025\/02\/e15.jpg\" alt=\"\" width=\"400\" height=\"527\" srcset=\"https:\/\/horthy.hu\/wp-content\/uploads\/2025\/02\/e15.jpg 364w, https:\/\/horthy.hu\/wp-content\/uploads\/2025\/02\/e15-228x300.jpg 228w\" sizes=\"auto, (max-width: 400px) 100vw, 400px\" \/><\/p>\n<p><img loading=\"lazy\" decoding=\"async\" class=\"alignnone wp-image-1268\" src=\"https:\/\/horthy.hu\/wp-content\/uploads\/2025\/02\/e16.jpg\" alt=\"\" width=\"400\" height=\"565\" srcset=\"https:\/\/horthy.hu\/wp-content\/uploads\/2025\/02\/e16.jpg 340w, https:\/\/horthy.hu\/wp-content\/uploads\/2025\/02\/e16-213x300.jpg 213w\" sizes=\"auto, (max-width: 400px) 100vw, 400px\" \/><\/p>\n<p><img loading=\"lazy\" decoding=\"async\" class=\"alignnone wp-image-1269\" src=\"https:\/\/horthy.hu\/wp-content\/uploads\/2025\/02\/e17.jpg\" alt=\"\" width=\"400\" height=\"526\" srcset=\"https:\/\/horthy.hu\/wp-content\/uploads\/2025\/02\/e17.jpg 365w, https:\/\/horthy.hu\/wp-content\/uploads\/2025\/02\/e17-228x300.jpg 228w\" sizes=\"auto, (max-width: 400px) 100vw, 400px\" \/><\/p>\n<p><img loading=\"lazy\" decoding=\"async\" class=\"alignnone wp-image-1270\" src=\"https:\/\/horthy.hu\/wp-content\/uploads\/2025\/02\/e18.jpg\" alt=\"\" width=\"400\" height=\"533\" srcset=\"https:\/\/horthy.hu\/wp-content\/uploads\/2025\/02\/e18.jpg 360w, https:\/\/horthy.hu\/wp-content\/uploads\/2025\/02\/e18-225x300.jpg 225w\" sizes=\"auto, (max-width: 400px) 100vw, 400px\" \/><\/p>\n","protected":false},"excerpt":{"rendered":"<p>A Korm\u00e1nyz\u00f3 \u00dar lova Horthy Mikl\u00f3s korm\u00e1nyz\u00f3 \u00far 1919. november 16-\u00e1n vonult be rendteremt\u00e9s c\u00e9lj\u00e1b\u00f3l a Nemzeti Hadsereg \u00e9l\u00e9n, az \u0151t \u00f6r\u00f6mmel \u00fcdv\u00f6zl\u0151 Budapestre, \u00e9s a Gell\u00e9rt t\u00e9ren elmondta a &#8222;v\u00f6r\u00f6s rongyokba \u00f6lt\u00f6z\u00f6tt&#8221; v\u00e1rosnak sz\u00e1nt h\u00edres besz\u00e9d\u00e9t. Tagt\u00e1rsaink, olvas\u00f3ink k\u00e9rd\u00e9seire v\u00e1laszolva k\u00f6z\u00f6lj\u00fck, hogy a j\u00f3l ismert k\u00e9pen l\u00e1that\u00f3 deres lov\u00e1nak neve Szell\u0151 volt. Horthy Mikl\u00f3s [&hellip;]<\/p>\n","protected":false},"author":2,"featured_media":0,"parent":0,"menu_order":0,"comment_status":"closed","ping_status":"closed","template":"","meta":{"footnotes":""},"class_list":["post-1250","page","type-page","status-publish","hentry"],"_links":{"self":[{"href":"https:\/\/horthy.hu\/index.php\/wp-json\/wp\/v2\/pages\/1250","targetHints":{"allow":["GET"]}}],"collection":[{"href":"https:\/\/horthy.hu\/index.php\/wp-json\/wp\/v2\/pages"}],"about":[{"href":"https:\/\/horthy.hu\/index.php\/wp-json\/wp\/v2\/types\/page"}],"author":[{"embeddable":true,"href":"https:\/\/horthy.hu\/index.php\/wp-json\/wp\/v2\/users\/2"}],"replies":[{"embeddable":true,"href":"https:\/\/horthy.hu\/index.php\/wp-json\/wp\/v2\/comments?post=1250"}],"version-history":[{"count":4,"href":"https:\/\/horthy.hu\/index.php\/wp-json\/wp\/v2\/pages\/1250\/revisions"}],"predecessor-version":[{"id":1273,"href":"https:\/\/horthy.hu\/index.php\/wp-json\/wp\/v2\/pages\/1250\/revisions\/1273"}],"wp:attachment":[{"href":"https:\/\/horthy.hu\/index.php\/wp-json\/wp\/v2\/media?parent=1250"}],"curies":[{"name":"wp","href":"https:\/\/api.w.org\/{rel}","templated":true}]}}