{"id":1274,"date":"2025-02-08T15:34:16","date_gmt":"2025-02-08T15:34:16","guid":{"rendered":"https:\/\/horthy.hu\/?page_id=1274"},"modified":"2025-02-08T15:53:07","modified_gmt":"2025-02-08T15:53:07","slug":"archivum","status":"publish","type":"page","link":"https:\/\/horthy.hu\/index.php\/archivum\/","title":{"rendered":"Arch\u00edvumok"},"content":{"rendered":"<p><strong>Kenderesi megeml\u00e9kez\u00e9s \u00a0&#8211; \u00a02008.<\/strong><\/p>\n<p><strong>Tiltakoz\u00e1sok a IV. K\u00e1roly boldogg\u00e1 avat\u00e1s\u00e1n elhangzottak ellen:<\/strong><\/p>\n<p><a href=\"https:\/\/horthy.hu\/wp-content\/uploads\/2025\/02\/A-Horthy-Miklos-Tarsasag-a-Magyar-Tengereszek-Egyesulete-es-a-Vitezi-Rend-tiltakozasa-2004.-oktober.pdf\">A Horthy Mikl\u00f3s T\u00e1rsas\u00e1g, a Magyar Tenger\u00e9szek Egyes\u00fclete \u00e9s a Vit\u00e9zi Rend tiltakoz\u00e1sa (2004. okt\u00f3ber)<\/a><\/p>\n<p><a href=\"https:\/\/horthy.hu\/wp-content\/uploads\/2025\/02\/Dr.-Polcz-Ivan-tiltakozasa-a-Katolikus-eletben-2004.-oktober.pdf\">Dr. Polcz Iv\u00e1n tiltakoz\u00e1sa a Katolikus \u00e9letben (2004. okt\u00f3ber)<\/a><\/p>\n<p><a href=\"https:\/\/horthy.hu\/wp-content\/uploads\/2025\/02\/Dr.-vitez-Szalka-Irma-tortenesz-tiltakozasa-a-Magyar-Nemzetben-2004.-oktober.pdf\">Dr. vit\u00e9z Sz\u00e1lka Irma t\u00f6rt\u00e9n\u00e9sz tiltakoz\u00e1sa a Magyar Nemzetben (2004. okt\u00f3ber)<\/a><\/p>\n<p><strong><br \/>\nAlm\u00e1si-Szab\u00f3\/Blumgrund J\u00e1nos beadv\u00e1nyai a F\u0151v\u00e1rosi \u00d6nkorm\u00e1nyzathoz:<\/strong><\/p>\n<p><a href=\"https:\/\/horthy.hu\/wp-content\/uploads\/2025\/02\/Fovarosi-Kozgyules-valasza-2000.-julius.pdf\">F\u0151v\u00e1rosi K\u00f6zgy\u0171l\u00e9s v\u00e1lasza (2000. j\u00falius)<\/a><a href=\"https:\/\/horthy.hu\/index.php?option=com_content&amp;view=article&amp;id=52&amp;catid=8&amp;Itemid=435\"><br \/>\n<\/a><\/p>\n<p><a href=\"https:\/\/horthy.hu\/wp-content\/uploads\/2025\/02\/Orszagos-Muemlekvedelmi-Hivatal-valasza-2000.-majus.pdf\">Orsz\u00e1gos M\u0171eml\u00e9kv\u00e9delmi Hivatal v\u00e1lasza (2000. m\u00e1jus)<\/a><\/p>\n<p><a href=\"https:\/\/horthy.hu\/wp-content\/uploads\/2025\/02\/Budavari-Onkormanyzat-valasza-2000.-marcius.pdf\">Budav\u00e1ri \u00d6nkorm\u00e1nyzat v\u00e1lasza (2000. m\u00e1rcius)<\/a><\/p>\n<p><a href=\"https:\/\/horthy.hu\/wp-content\/uploads\/2025\/02\/I.-keruleti-polgarmesterhez-2000.-februar-1.pdf\">I. ker\u00fcleti polg\u00e1rmesterhez (2000. febru\u00e1r)<\/a><\/p>\n<p><a href=\"https:\/\/horthy.hu\/wp-content\/uploads\/2025\/02\/Fovarosi-Kozgyules-valasza-1999.-oktober.pdf\">F\u0151v\u00e1rosi K\u00f6zgy\u0171l\u00e9s v\u00e1lasza (1999. okt\u00f3ber)<\/a><\/p>\n<p><a href=\"https:\/\/horthy.hu\/wp-content\/uploads\/2025\/02\/Fopolgarmesteri-Hivatalhoz-1999.-oktober.pdf\">F\u0151polg\u00e1rmesteri Hivatalhoz (1999. okt\u00f3ber)<\/a><\/p>\n<p>&nbsp;<\/p>\n","protected":false},"excerpt":{"rendered":"<p>Kenderesi megeml\u00e9kez\u00e9s \u00a0&#8211; \u00a02008. Tiltakoz\u00e1sok a IV. K\u00e1roly boldogg\u00e1 avat\u00e1s\u00e1n elhangzottak ellen: A Horthy Mikl\u00f3s T\u00e1rsas\u00e1g, a Magyar Tenger\u00e9szek Egyes\u00fclete \u00e9s a Vit\u00e9zi Rend tiltakoz\u00e1sa (2004. okt\u00f3ber) Dr. Polcz Iv\u00e1n tiltakoz\u00e1sa a Katolikus \u00e9letben (2004. okt\u00f3ber) Dr. vit\u00e9z Sz\u00e1lka Irma t\u00f6rt\u00e9n\u00e9sz tiltakoz\u00e1sa a Magyar Nemzetben (2004. okt\u00f3ber) Alm\u00e1si-Szab\u00f3\/Blumgrund J\u00e1nos beadv\u00e1nyai a F\u0151v\u00e1rosi \u00d6nkorm\u00e1nyzathoz: F\u0151v\u00e1rosi K\u00f6zgy\u0171l\u00e9s [&hellip;]<\/p>\n","protected":false},"author":2,"featured_media":0,"parent":0,"menu_order":0,"comment_status":"closed","ping_status":"closed","template":"","meta":{"footnotes":""},"class_list":["post-1274","page","type-page","status-publish","hentry"],"_links":{"self":[{"href":"https:\/\/horthy.hu\/index.php\/wp-json\/wp\/v2\/pages\/1274","targetHints":{"allow":["GET"]}}],"collection":[{"href":"https:\/\/horthy.hu\/index.php\/wp-json\/wp\/v2\/pages"}],"about":[{"href":"https:\/\/horthy.hu\/index.php\/wp-json\/wp\/v2\/types\/page"}],"author":[{"embeddable":true,"href":"https:\/\/horthy.hu\/index.php\/wp-json\/wp\/v2\/users\/2"}],"replies":[{"embeddable":true,"href":"https:\/\/horthy.hu\/index.php\/wp-json\/wp\/v2\/comments?post=1274"}],"version-history":[{"count":5,"href":"https:\/\/horthy.hu\/index.php\/wp-json\/wp\/v2\/pages\/1274\/revisions"}],"predecessor-version":[{"id":1291,"href":"https:\/\/horthy.hu\/index.php\/wp-json\/wp\/v2\/pages\/1274\/revisions\/1291"}],"wp:attachment":[{"href":"https:\/\/horthy.hu\/index.php\/wp-json\/wp\/v2\/media?parent=1274"}],"curies":[{"name":"wp","href":"https:\/\/api.w.org\/{rel}","templated":true}]}}

Archívumok

<p><strong>Kenderesi megemlékezés  &#8211;  2008.</strong></p>
<p><strong>Tiltakozások a IV. Károly boldoggá avatásán elhangzottak ellen:</strong></p>
<p><a href="https://horthy.hu/wp-content/uploads/2025/02/A-Horthy-Miklos-Tarsasag-a-Magyar-Tengereszek-Egyesulete-es-a-Vitezi-Rend-tiltakozasa-2004.-oktober.pdf">A Horthy Miklós Társaság, a Magyar Tengerészek Egyesülete és a Vitézi Rend tiltakozása (2004. október)</a></p>
<p><a href="https://horthy.hu/wp-content/uploads/2025/02/Dr.-Polcz-Ivan-tiltakozasa-a-Katolikus-eletben-2004.-oktober.pdf">Dr. Polcz Iván tiltakozása a Katolikus életben (2004. október)</a></p>
<p><a href="https://horthy.hu/wp-content/uploads/2025/02/Dr.-vitez-Szalka-Irma-tortenesz-tiltakozasa-a-Magyar-Nemzetben-2004.-oktober.pdf">Dr. vitéz Szálka Irma történész tiltakozása a Magyar Nemzetben (2004. október)</a></p>
<p><strong><br />
Almási-Szabó/Blumgrund János beadványai a Fővárosi Önkormányzathoz:</strong></p>
<p><a href="https://horthy.hu/wp-content/uploads/2025/02/Fovarosi-Kozgyules-valasza-2000.-julius.pdf">Fővárosi Közgyűlés válasza (2000. július)</a><a href="https://horthy.hu/index.php?option=com_content&amp;view=article&amp;id=52&amp;catid=8&amp;Itemid=435"><br />
</a></p>
<p><a href="https://horthy.hu/wp-content/uploads/2025/02/Orszagos-Muemlekvedelmi-Hivatal-valasza-2000.-majus.pdf">Országos Műemlékvédelmi Hivatal válasza (2000. május)</a></p>
<p><a href="https://horthy.hu/wp-content/uploads/2025/02/Budavari-Onkormanyzat-valasza-2000.-marcius.pdf">Budavári Önkormányzat válasza (2000. március)</a></p>
<p><a href="https://horthy.hu/wp-content/uploads/2025/02/I.-keruleti-polgarmesterhez-2000.-februar-1.pdf">I. kerületi polgármesterhez (2000. február)</a></p>
<p><a href="https://horthy.hu/wp-content/uploads/2025/02/Fovarosi-Kozgyules-valasza-1999.-oktober.pdf">Fővárosi Közgyűlés válasza (1999. október)</a></p>
<p><a href="https://horthy.hu/wp-content/uploads/2025/02/Fopolgarmesteri-Hivatalhoz-1999.-oktober.pdf">Főpolgármesteri Hivatalhoz (1999. október)</a></p>
<p>&nbsp;</p>

<p>Kenderesi megemlékezés  &#8211;  2008. Tiltakozások a IV. Károly boldoggá avatásán elhangzottak ellen: A Horthy Miklós Társaság, a Magyar Tengerészek Egyesülete és a Vitézi Rend tiltakozása (2004. október) Dr. Polcz Iván tiltakozása a Katolikus életben (2004. október) Dr. vitéz Szálka Irma történész tiltakozása a Magyar Nemzetben (2004. október) Almási-Szabó/Blumgrund János beadványai a Fővárosi Önkormányzathoz: Fővárosi Közgyűlés [&hellip;]</p>
